85?
5
What is the tens digit of 1468?
6
What is the tens digit of 24957?
5
What is the thousands digit of 13799?
3
What is the thousands digit of 51533?
1
What is the tens digit of 41?
4
What is the hundred thousands digit of 152884?
1
What is the ten thousands digit of 62537?
6
What is the tens digit of 1994?
9
What is the thousands digit of 12720?
2
What is the tens digit of 3932?
3
What is the tens digit of 14655?
5
What is the tens digit of 17173?
7
What is the hundreds digit of 141?
1
What is the hundreds digit of 51441?
4
What is the hundreds digit of 974?
9
What is the thousands digit of 25925?
5
What is the tens digit of 3128?
2
What is the tens digit of 1575?
7
What is the tens digit of 5917?
1
What is the hundreds digit of 1325?
3
What is the hundreds digit of 1026?
0
What is the ten thousands digit of 166061?
6
What is the tens digit of 2653?
5
What is the units digit of 238?
8
What is the hundreds digit of 1557?
5
What is the hundreds digit of 8111?
1
What is the hundreds digit of 6457?
4
What is the thousands digit of 9378?
9
What is the tens digit of 31363?
6
What is the tens digit of 24731?
3
What is the tens digit of 38238?
3
What is the thousands digit of 6732?
6
What is the tens digit of 5758?
5
What is the hundreds digit of 2095?
0
What is the thousands digit of 1699?
1
What is the hundreds digit of 27542?
5
What is the thousands digit of 24056?
4
What is the units digit of 1867?
7
What is the thousands digit of 2342?
2
What is the hundreds digit of 1526?
5
What is the thousands digit of 1149?
1
What is the hundreds digit of 9546?
5
What is the units digit of 548?
8
What is the tens digit of 199050?
5
What is the units digit of 490?
0
What is the hundreds digit of 16053?
0
What is the thousands digit of 83984?
3
What is the units digit of 903?
3
What is the hundreds digit of 2038?
0
What is the tens digit of 3565?
6
What is the units digit of 1336?
6
What is the units digit of 4988?
8
What is the hundreds digit of 2419?
4
What is the units digit of 42200?
0
What is the tens digit of 2428?
2
What is the thousands digit of 39261?
9
What is the units digit of 23378?
8
What is the units digit of 1113?
3
What is the hundreds digit of 5503?
5
What is the units digit of 15173?
3
What is the thousands digit of 90244?
0
What is the units digit of 12773?
3
What is the tens digit of 812?
1
What is the thousands digit of 1554?
1
What is the tens digit of 86762?
6
What is the thousands digit of 1472?
1
What is the hundreds digit of 43892?
8
What is the hundreds digit of 7483?
4
What is the tens digit of 862?
6
What is the thousands digit of 10420?
0
What is the tens digit of 2149?
4
What is the hundreds digit of 1563?
5
What is the hundreds digit of 2714?
7
What is the hundreds digit of 3288?
2
What is the units digit of 2654?
4
What is the hundreds digit of 42749?
7
What is the units digit of 21033?
3
What is the units digit of 1632?
2
What is the units digit of 5773?
3
What is the tens digit of 5140?
4
What is the hundreds digit of 3439?
4
What is the tens digit of 1935?
3
What is the units digit of 5902?
2
What is the units digit of 19?
9
What is the tens digit of 281?
8
What is the hundreds digit of 1720?
7
What is the units digit of 3869?
9
What is the hundreds digit of 29782?
7
What is the thousands digit of 5248?
5
What is the tens digit of 289?
8
What is the tens digit of 5333?
3
What is the units digit of 2780?
0
What is the units digit of 6309?
9
What is the units digit of 11686?
6
What is the thousands digit of 1793?
1
What is the hundreds digit of 1397?
3
What is the units digit of 1299?
9
What is the units digit of 407?
7
What is the hundreds digit of 1544?
5
What is the tens digit of 1930?
3
What is the ten thousands digit of 48398?
4
What is the tens digit of 2955?
5
What is the hundreds digit of 21031?
0
What is the tens digit of 673?
7
What is the hundreds digit of 9641?
6
What is the units digit of 540?
0
What is the tens digit of 1050?
5
What is the hundreds digit of 27972?
9
What is the tens digit of 1179?
7
What is the ten thousands digit of 12501?
1
What is the units digit of 5919?
9
What is the hundreds digit of 22498?
4
What is the hundreds digit of 17273?
2
What is the hundreds digit of 30624?
6
What is the hundreds digit of 85715?
7
What is the units digit of 224?
4
What is the ten thousands digit of 11527?
1
What is the tens digit of 13119?
1
What is the thousands digit of 3511?
3
What is the ten thousands digit of 119189?
1
What is the tens digit of 50?
5
What is the units digit of 406?
6
What is the hundreds digit of 674?
6
What is the hundreds digit of 26006?
0
What is the units digit of 41350?
0
What is the ten thousands digit of 50550?
5
What is the hundreds digit of 51908?
9
What is the thousands digit of 1218?
1
What is the hundreds digit of 6916?
9
What is the hundreds digit of 1498?
4
What is the ten thousands digit of 15271?
1
What is the thousands digit of 9157?
9
What is the ten thousands digit of 17546?
1
What is the thousands digit of 32253?
2
What is the hundreds digit of 1645?
6
What is the tens digit of 8918?
1
What is the hundreds digit of 41770?
7
What is the tens digit of 6072?
7
What is the hundreds digit of 679?
6
What is the hundreds digit of 5386?
3
What is the units digit of 250?
0
What is the tens digit of 1242?
4
What is the thousands digit of 35986?
5
What is the units digit of 3945?
5
What is the hundreds digit of 3066?
0
What is the thousands digit of 3515?
3
What is the units digit of 73046?
6
What is the units digit of 38?
8
What is the hundreds digit of 8624?
6
What is the thousands digit of 4984?
4
What is the hundreds digit of 9626?
6
What is the hundreds digit of 229?
2
What is the hundreds digit of 42167?
1
What is the tens digit of 395?
9
What is the thousands digit of 1091?
1
What is the ten thousands digit of 29029?
2
What is the units digit of 963?
3
What is the tens digit of 2397?
9
What is the thousands digit of 17548?
7
What is the hundreds digit of 37414?
4
What is the hundreds digit of 9752?
7
What is the thousands digit of 9507?
9
What is the thousands digit of 1169?
1
What is the thousands digit of 8478?
8
What is the tens digit of 1574?
7
What is the thousands digit of 83821?
3
What is the hundreds digit of 39872?
8
What is the units digit of 49203?
3
What is the tens digit of 694?
9
What is the tens digit of 465?
6
What is the hundreds digit of 3603?
6
What is the tens digit of 1249?
4
What is the hundreds digit of 7497?
4
What is the tens digit of 89176?
7
What is the tens digit of 27339?
3
What is the tens digit of 46172?
7
What is the thousands digit of 42555?
2
What is the hundreds digit of 906?
9
What is the tens digit of 113792?
9
What is the ten thousands digit of 45104?
4
What is the tens digit of 1638?
3
What is the tens digit of 66?
6
What is the units digit of 232?
2
What is the tens digit of 29365?
6
What is the hundreds digit of 544?
5
What is the tens digit of 337?
3
What is the units digit of 68205?
5
What is the tens digit of 47470?
7
What is the units digit of 1403?
3
What is the units digit of 766?
6
What is the units digit of 80752?
2
What is the units digit of 2516?
6
What is the tens digit of 4139?
3
What is the tens digit of 18178?
7
What is the hundreds digit of 1785?
7
What is the units digit of 11978?
8
What is the tens digit of 242?
4
What is the tens digit of 20798?
9
What is the thousands digit of 4185?
4
What is the units digit of 2865?
5
What is the tens digit of 10375?
7
What is the tens digit of 761?
6
What is the units digit of 8868?
8
What is the tens digit of 91642?
4
What is the hundreds digit of 19265?
2
What is the thousands digit of 24727?
4
What is the hundreds digit of 910?
9
What is the units digit of 3310?
0
What is the thousands digit of 9869?
9
What is the tens digit of 124636?
3
What is the hundreds digit of 257?
2
What is the hundreds digit of 781?
7
What is the units digit of 506?
6
What is the units digit of 6467?
7
What is the thousands digit of 39445?
9
What is the thousands digit of 121737?
1
What is the units digit of 5128?
8
What is the units digit of 1221?
1
What is the units digit of 284?
4
What is the units digit of 3379?
9
What is the thousands digit of 52607?
2
What is the thousands digit of 5070?
5